- 3. Let o be x(7). What is the remainder when (-5330)/(-90) + (-2)/o is divided by 15?
14
Suppose -3 = -2*b + 3. Suppose -384 = b*w - 9*w. What is the remainder when w is divided by 22?
20
Let v = 49 - 29. Let r(k) = -4*k**3 + 28*k**2 - 17*k + 150. Calculate the remainder when r(7) is divided by v.
11
Let j(o) = o**3 + 2*o**2 - 11*o - 19. What is the remainder when 62 is divided by j(-3)?
2
What is the remainder when 695 is divided by (8/12)/((-13)/(-156))?
7
Let y = 112 + -109. Suppose 3*x = 5*j - 94, 2*j + y*x - 44 = x. Calculate the remainder when 37 is divided by j.
17
Suppose -5*y - 439 - 57 = -3*w, -4*w - y = -646. What is the remainder when w is divided by 48?
18
Suppose -57 = l - 59. Let m(x) = -x**2 - 6*x - 1. Calculate the remainder when m(-5) is divided by l.
0
Let k(b) = b**2 + 85*b + 644. Calculate the remainder when k(-79) is divided by 30.
20
Suppose -5*g + 2*l = -90, 3*g + 6*l - 9*l - 63 = 0. Calculate the remainder when 495 is divided by g.
15
Suppose 5*u - t - 98 - 347 = 0, 4*u - 5*t = 335. Let f = 110 - u. Let r(y) = -y + 21. What is the remainder when f is divided by r(9)?
8
Let q(k) = -k**3 - k**2 + k + 50. Let w be q(0). Let v = 84 - w. Calculate the remainder when 131 is divided by v.
29
Let a(h) = 10*h**2 - 150*h + 6. Calculate the remainder when 285 is divided by a(15).
3
Let m(s) = 3*s**2 - 4*s - 2. Let k(c) = -c**2 + c + 1. Let z(u) = -7*k(u) - 2*m(u). Let b = 51 + -26. What is the remainder when b is divided by z(3)?
7
Suppose -j - t = -3*t - 12, 0 = -2*j + 3*t + 25. Suppose 4*c - 2*c = 0. Suppose c = -4*a + 2*a + 80. What is the remainder when a is divided by j?
12
Let h = -7 - -5. Calculate the remainder when 23*(-2 + 6 + h) is divided by 100/6 - 12/18.
14
Suppose 4*k + 5*n - 31 = 222, -k = -5*n - 57. Suppose 4*j - 31 - 117 = 4*c, -2*j + k = c. Calculate the remainder when j is divided by 18.
15
Suppose -3*p = -7*p + 40. What is the remainder when 149 is divided by p?
9
Suppose 2*s + 3*a - 40 = 7, -4*s + 3*a = -85. Let m(j) = j**2 + 4*j - 11. Suppose 0 = -16*p + 4*p + 96. What is the remainder when m(p) is divided by s?
19
Suppose -461*l = -476*l + 3165. Calculate the remainder when l is divided by 3.
1
Let i(z) = 4*z**2 - 4*z + 2. Calculate the remainder when i(5) is divided by 29/2 - (-8)/(-16).
12
Suppose 21*g = 15*g + 378. What is the remainder when g is divided by 34?
29
Suppose 2*m = 11*m - 1899. Calculate the remainder when m is divided by 27.
22
Suppose -20 = 4*v, -5*x = -v + 13 - 3. What is the remainder when 151 is divided by x/(14/(-13) - -1)?
34
What is the remainder when 196 is divided by (-15)/((195/(-50))/13)?
46
Suppose 5*s = s + 164. Calculate the remainder when s is divided by 297/(-54)*-2*1.
8
Calculate the remainder when 64 is divided by ((-27 + 2)/5)/(1/(-6)).
4
Suppose -49 - 931 = -28*y. Calculate the remainder when 242 is divided by y.
32
Let k(l) = -29*l - 170. What is the remainder when k(-8) is divided by 11?
7
Let s(q) = 26*q - 147. What is the remainder when 133 is divided by s(6)?
7
Let k be (2/3)/((-4)/(-270)). Let z = k + 34. Calculate the remainder when z is divided by 16.
15
Suppose 3*q = 4*n + 409, -504 = -4*q + 5*n - 10*n. Let w = q + -75. What is the remainder when -1 - w/12*-6 is divided by 14?
13
Let s(t) = -45*t + 59. Suppose -5*y = 2*g - 33, 0 = 5*g + 2*y - 29 - 85. What is the remainder when g is divided by s(1)?
10
Let l(k) = -k - 1. Let r(x) = -2*x + 1. Let n(f) = -3*l(f) + r(f). Let b be n(-2). Suppose -1 = b*s - 23. Calculate the remainder when s is divided by 3.
2
Let m(n) = -n**3 + 5*n + 6. Let d be m(-3). Suppose 2*t - 8 - d = -2*c, 5*t = -5. What is the remainder when 25 is divided by c?
11
Let g(m) = -3*m - 2. Suppose 0 = b + 4*b. Suppose 2 = q - b*q. Calculate the remainder when q is divided by g(-1).
0
Suppose -5*g + 30 = -3*g. What is the remainder when 268 is divided by g?
13
Let k(w) = 4 - w**2 - w**3 + 3*w**2 + 0 + 50*w - 45*w. Let c = 10 - 6. Calculate the remainder when k(-2) is divided by c.
2
Let m(v) = -20*v**3 + 4*v**2 + 7*v + 2. What is the remainder when m(-1) is divided by 13?
6
Suppose 0 = 3*a + 2*b - 170, -52 = 2*a - 5*b - 197. Calculate the remainder when 356 is divided by a.
56
Let a = 154 + -146. What is the remainder when 29 is divided by a?
5
Let r = -9 + 22. Let g = 12 - r. What is the remainder when 17 is divided by 0 - 16/(g + -3)?
1
Suppose 2 = -2*s + 14. Let o(p) = -6*p**3 - p - 11*p**2 + 3*p**3 + 6 + 2*p**3. Calculate the remainder when o(-11) is divided by s.
5
Let f(g) = g**2 - 12*g - 19. Suppose 2*q - 7 - 25 = 0. Calculate the remainder when f(q) is divided by 24.
21
Suppose -i - 87 = -5*i - o, 4*o = 2*i - 48. Suppose 6*n = 58 - i. Let d = 13 + n. Calculate the remainder when d is divided by 5.
4
Suppose -6*x + 2*r + 563 = -3*x, -3*x - 5*r + 535 = 0. What is the remainder when x is divided by 16?
9
Let c = 272 + -183. What is the remainder when c is divided by 52?
37
Let z = -31 + 37. Calculate the remainder when z/4*76/3 is divided by 8.
6
Suppose 18 = 2*r + r. Let c be (-2)/r*(3 + 6). Calculate the remainder when c/(1 - (-26)/(-25)) is divided by 19.
18
Let c be 0 - (60/9)/(1/(-3)). Suppose -4*m + 24 = -4*u - 48, 4*u + c = 0. What is the remainder when 63 is divided by m?
11
Let h = -1529 - -1590. What is the remainder when 303 is divided by h?
59
Suppose 14 - 83 = -3*t. Suppose 64 = l - 2*f + 18, 3*f = -l + 41. What is the remainder when l is divided by t?
21
Let v be (-2)/(-2)*5*1. Suppose -v*d = -3*g - 0*g - 63, -2*g + 58 = 5*d. Let a(j) = j**3 - 14*j**2 - 15*j + 5. What is the remainder when d is divided by a(15)?
2
Suppose 0 = 4*a + 2*o - 94, a - 41 = -0*a - 4*o. Let m be ((-30)/(-4))/5*(-16)/(-6). Calculate the remainder when -3 - (-348 + 4)/m is divided by a.
20
Let j(c) = -5*c + 2. Let w be j(7). Let u = 1 - 22. Let a = u - w. What is the remainder when 20 is divided by a?
8
Let t(r) = r**2 + 9*r + 11. Suppose -4*v + 27 = 3. Calculate the remainder when 2/(8/v)*(0 + 14) is divided by t(-9).
10
Suppose -68434 = -45*b - 1249. Calculate the remainder when b is divided by 83.
82
Suppose -3*x + 3*u = 24, 2*x + 37 = -2*x + 3*u. Let f = 24 + x. Suppose -4*q = -72 - 8. Calculate the remainder when q is divided by f.
9
Let o = 74 - 129. Let l = 72 + o. Calculate the remainder when 83 is divided by l.
15
Let u be 18/(-27)*42/(-4). Suppose -96 - 107 = -u*v. What is the remainder when 115 is divided by v?
28
Suppose -8*u + 19*u = 198. Suppose 0 = 5*w - 0*w - 345. What is the remainder when w is divided by u?
15
What is the remainder when 165 is divided by (-4 - 0) + 22 + -7 + 23?
29
Let x(b) = 28*b**2 + 2*b + 2. Let j = -8 - -8. Suppose j = -3*h - 4*d - d + 271, 3*d + 313 = 4*h. What is the remainder when h is divided by x(-1)?
26
Let t = 915 - 883. Calculate the remainder when 44 is divided by t.
12
Let n(t) = -3*t**2 - 2*t - 3. Let g be n(-2). Let z = -11 - g. Suppose 3*f - 52 + 1 = z. What is the remainder when f is divided by 9?
8
Let g = -13 - -25. Let f = -80 + 103. Suppose 67 - f = i. What is the remainder when i is divided by g?
8
Suppose 2*s - 3*s - 3*i = 1, 0 = 3*i - 3. Let m be 0/2*(s + 5). Suppose -135 = -m*h - 5*h. Calculate the remainder when h is divided by 14.
13
Let n(m) = 20*m**3 - 5*m**2 + 8. Calculate the remainder when n(2) is divided by 51.
46
Let b = 939 + -856. Calculate the remainder when 1159 is divided by b.
80
Let n be 2/(-7) - 415/(-7). Let z = n + -40. What is the remainder when 71 is divided by z?
14
Let m = 44 - 24. Suppose 13*x = 19*x - 42. Calculate the remainder when m is divided by x.
6
Calculate the remainder when 7 is divided by ((-2)/(-10))/(10/150).
1
Calculate the remainder when 41 is divided by (2/(-1))/((-62)/(-93)) + 38.
6
Suppose 12*k - 16*k = 5*l - 3911, 3*k = -l + 791. What is the remainder when l is divided by 12?
11
Suppose 0 = 25*r - 18*r - 574. Calculate the remainder when r is divided by 26.
4
Suppose -310 = -3*d + q, -d + 2*q = 4*q - 101. Calculate the remainder when d is divided by 23.
11
Let w(v) = 3*v + 5 + 1 + v**2 - 3. Let l = -801 + 793. Calculate the remainder when w(l) is divided by 23.
20
Let a(n) = -n**3 + 26*n**2 - 13*n + 35. Calculate the remainder when a(25) is divided by 112.
111
Suppose -5*g = -500 - 180. Calculate the remainder when g is divided by 35.
31
Suppose